s the thousands digit of 2088504?
8
What is the thousands digit of 90302?
0
What is the tens digit of 183765?
6
What is the ten thousands digit of 4153216?
5
What is the tens digit of 13105375?
7
What is the units digit of 252808?
8
What is the hundred thousands digit of 225700?
2
What is the hundreds digit of 11246612?
6
What is the hundreds digit of 1700233?
2
What is the tens digit of 1746501?
0
What is the hundreds digit of 136274?
2
What is the units digit of 13420016?
6
What is the units digit of 3436974?
4
What is the units digit of 1902955?
5
What is the tens digit of 166798?
9
What is the thousands digit of 1120897?
0
What is the ten thousands digit of 47805?
4
What is the ten thousands digit of 207212?
0
What is the hundred thousands digit of 2712856?
7
What is the ten thousands digit of 466261?
6
What is the millions digit of 1603067?
1
What is the tens digit of 2127246?
4
What is the hundred thousands digit of 114509?
1
What is the ten thousands digit of 20064558?
6
What is the hundred thousands digit of 100222?
1
What is the tens digit of 14772?
7
What is the thousands digit of 7478987?
8
What is the hundred thousands digit of 126933?
1
What is the units digit of 1658818?
8
What is the hundred thousands digit of 343366?
3
What is the ten thousands digit of 1659216?
5
What is the millions digit of 3460568?
3
What is the hundreds digit of 629173?
1
What is the units digit of 162784?
4
What is the thousands digit of 40082?
0
What is the thousands digit of 760541?
0
What is the thousands digit of 599828?
9
What is the hundred thousands digit of 989190?
9
What is the ten thousands digit of 89899?
8
What is the millions digit of 1164034?
1
What is the tens digit of 1725183?
8
What is the units digit of 12204835?
5
What is the hundreds digit of 448295?
2
What is the units digit of 18106345?
5
What is the units digit of 1568440?
0
What is the thousands digit of 2194204?
4
What is the millions digit of 1808408?
1
What is the units digit of 4708324?
4
What is the hundreds digit of 12600782?
7
What is the hundred thousands digit of 7939529?
9
What is the hundred thousands digit of 16975500?
9
What is the hundreds digit of 2533410?
4
What is the thousands digit of 156564?
6
What is the tens digit of 10771?
7
What is the tens digit of 17518548?
4
What is the tens digit of 3593138?
3
What is the thousands digit of 2143508?
3
What is the units digit of 2228094?
4
What is the units digit of 1371782?
2
What is the ten thousands digit of 2204569?
0
What is the hundreds digit of 6753924?
9
What is the ten thousands digit of 68597?
6
What is the hundred thousands digit of 461235?
4
What is the hundreds digit of 140901?
9
What is the tens digit of 651121?
2
What is the units digit of 70646?
6
What is the units digit of 45664?
4
What is the hundred thousands digit of 145557?
1
What is the hundreds digit of 288889?
8
What is the tens digit of 174199?
9
What is the thousands digit of 20067899?
7
What is the hundreds digit of 542611?
6
What is the units digit of 5098589?
9
What is the hundred thousands digit of 17064669?
0
What is the thousands digit of 428697?
8
What is the hundred thousands digit of 733280?
7
What is the thousands digit of 7554633?
4
What is the hundreds digit of 8955503?
5
What is the thousands digit of 2415552?
5
What is the millions digit of 1853055?
1
What is the hundreds digit of 9540?
5
What is the thousands digit of 188654?
8
What is the hundred thousands digit of 868378?
8
What is the units digit of 221996?
6
What is the thousands digit of 573083?
3
What is the units digit of 1662326?
6
What is the units digit of 7492544?
4
What is the hundred thousands digit of 941307?
9
What is the tens digit of 419550?
5
What is the hundreds digit of 763678?
6
What is the tens digit of 10771694?
9
What is the units digit of 3427173?
3
What is the tens digit of 183654?
5
What is the hundred thousands digit of 1683675?
6
What is the thousands digit of 842188?
2
What is the hundreds digit of 1149579?
5
What is the units digit of 592513?
3
What is the thousands digit of 28336?
8
What is the ten thousands digit of 632769?
3
What is the tens digit of 2779757?
5
What is the units digit of 15120733?
3
What is the hundred thousands digit of 444513?
4
What is the hundred thousands digit of 1783929?
7
What is the hundred thousands digit of 4936620?
9
What is the thousands digit of 2758020?
8
What is the tens digit of 11375715?
1
What is the units digit of 24832?
2
What is the hundreds digit of 10106188?
1
What is the hundred thousands digit of 852865?
8
What is the hundred thousands digit of 163432?
1
What is the units digit of 96285?
5
What is the thousands digit of 494684?
4
What is the hundreds digit of 26613540?
5
What is the hundred thousands digit of 598444?
5
What is the hundred thousands digit of 194750?
1
What is the thousands digit of 96214?
6
What is the ten thousands digit of 395392?
9
What is the units digit of 2273998?
8
What is the units digit of 1007251?
1
What is the hundreds digit of 5418493?
4
What is the millions digit of 8474737?
8
What is the units digit of 3475761?
1
What is the tens digit of 96037?
3
What is the hundreds digit of 1107829?
8
What is the tens digit of 220648?
4
What is the hundreds digit of 1007752?
7
What is the hundreds digit of 2832094?
0
What is the tens digit of 328330?
3
What is the hundred thousands digit of 588426?
5
What is the ten thousands digit of 635169?
3
What is the tens digit of 8843457?
5
What is the ten thousands digit of 107613?
0
What is the units digit of 258238?
8
What is the tens digit of 237213?
1
What is the thousands digit of 408108?
8
What is the millions digit of 9656850?
9
What is the ten thousands digit of 941786?
4
What is the units digit of 774112?
2
What is the ten thousands digit of 337475?
3
What is the tens digit of 1227526?
2
What is the tens digit of 1610631?
3
What is the thousands digit of 267661?
7
What is the tens digit of 9469470?
7
What is the units digit of 19907?
7
What is the units digit of 3223694?
4
What is the hundreds digit of 5652805?
8
What is the units digit of 119178?
8
What is the ten thousands digit of 859168?
5
What is the hundreds digit of 8655114?
1
What is the hundreds digit of 14973515?
5
What is the ten thousands digit of 1501757?
0
What is the hundred thousands digit of 1838159?
8
What is the tens digit of 2695916?
1
What is the hundred thousands digit of 312748?
3
What is the hundreds digit of 226285?
2
What is the tens digit of 209638?
3
What is the millions digit of 1793779?
1
What is the thousands digit of 2820781?
0
What is the thousands digit of 145810?
5
What is the ten thousands digit of 319661?
1
What is the units digit of 1190281?
1
What is the units digit of 13167104?
4
What is the hundreds digit of 941117?
1
What is the ten thousands digit of 63066?
6
What is the ten thousands digit of 491735?
9
What is the hundreds digit of 146407?
4
What is the thousands digit of 69407?
9
What is the millions digit of 9204991?
9
What is the millions digit of 1371111?
1
What is the thousands digit of 2016130?
6
What is the ten thousands digit of 2659000?
5
What is the units digit of 21782?
2
What is the tens digit of 5999034?
3
What is the thousands digit of 2263553?
3
What is the ten thousands digit of 304651?
0
What is the thousands digit of 19820355?
0
What is the thousands digit of 1705487?
5
What is the units digit of 197649?
9
What is the units digit of 48966?
6
What is the tens digit of 51323?
2
What is the units digit of 325921?
1
What is the tens digit of 146742?
4
What is the tens digit of 179475?
7
What is the tens digit of 842151?
5
What is the hundreds digit of 144976?
9
What is the hundreds digit of 605574?
5
What is the tens digit of 527721?
2
What is the hundred thousands digit of 322835?
3
What is the hundreds digit of 257330?
3
What is the thousands digit of 7824357?
4
What is the hundred thousands digit of 290839?
2
What is the thousands digit of 459252?
9
What is the hundreds digit of 1046791?
7
What is the hundred thousands digit of 697375?
6
What is the hundred thousands digit of 492978?
4
What is the tens digit of 114250?
5
What is the tens digit of 297609?
0
What is the hundred thousands digit of 2941452?
9
What is the tens dig